22?
False
Is 6044647 a multiple of 7?
True
Is 5 a factor of 8895?
True
Is 15 a factor of 135426?
False
Is 88704 a multiple of 111?
False
Does 216 divide 1428219?
False
Does 304 divide 4115856?
True
Is 1140909 a multiple of 89?
False
Is 466173 a multiple of 16?
False
Is 1163952 a multiple of 72?
True
Is 65 a factor of 118170?
True
Is 15 a factor of 127547?
False
Is 891 a factor of 4922921?
False
Is 6633792 a multiple of 23?
False
Does 23 divide 10971?
True
Does 180 divide 1009440?
True
Is 201 a factor of 2357077?
False
Does 23 divide 1288812?
False
Does 22 divide 181939?
False
Does 590 divide 106200?
True
Is 124 a factor of 182081?
False
Is 1107558 a multiple of 333?
True
Is 135887 a multiple of 205?
False
Is 120 a factor of 18390360?
True
Is 21 a factor of 9638958?
True
Does 5 divide 71934?
False
Is 17 a factor of 66204?
False
Does 76 divide 2371200?
True
Does 74 divide 75702?
True
Is 16 a factor of 11465168?
True
Is 9 a factor of 322965?
True
Is 13 a factor of 46514?
True
Does 20 divide 1934?
False
Is 1117194 a multiple of 57?
False
Is 2948735 a multiple of 40?
False
Does 16 divide 19113?
False
Does 17 divide 1756032?
True
Is 206960 a multiple of 242?
False
Is 140 a factor of 1130?
False
Does 116 divide 2463647?
False
Does 13 divide 1470378?
True
Is 6583668 a multiple of 15?
False
Is 73 a factor of 26331?
False
Is 50711 a multiple of 200?
False
Is 342 a factor of 793098?
True
Does 11 divide 7307674?
True
Is 111 a factor of 5772?
True
Does 41 divide 4155513?
False
Does 7 divide 355894?
True
Is 231432 a multiple of 175?
False
Does 5 divide 63028?
False
Is 15768 a multiple of 35?
False
Is 48 a factor of 705513?
False
Is 30 a factor of 10590?
True
Is 8 a factor of 39168?
True
Is 171806 a multiple of 359?
False
Is 15 a factor of 8888925?
True
Does 63 divide 90846?
True
Does 71 divide 506869?
True
Does 3 divide 343188?
True
Is 39 a factor of 12764?
False
Does 22 divide 1180014?
True
Is 250 a factor of 11364000?
True
Is 57 a factor of 1595943?
True
Is 7 a factor of 1095582?
False
Does 555 divide 59717?
False
Is 4 a factor of 184875?
False
Is 652 a factor of 403723?
False
Is 9354220 a multiple of 178?
False
Is 81 a factor of 8924985?
True
Is 100 a factor of 1394536?
False
Is 50 a factor of 236685?
False
Does 131 divide 291526?
False
Is 202994 a multiple of 346?
False
Is 165 a factor of 177375?
True
Is 12 a factor of 98976?
True
Does 12 divide 234653?
False
Does 167 divide 165163?
True
Is 55 a factor of 50490?
True
Is 145920 a multiple of 160?
True
Is 1005 a factor of 5189820?
True
Does 31 divide 7342258?
False
Does 598 divide 2547220?
False
Does 1191 divide 2814333?
True
Is 22739 a multiple of 8?
False
Is 519 a factor of 1521289?
False
Does 47 divide 630458?
True
Is 22 a factor of 14664034?
True
Is 22 a factor of 1008572?
False
Does 154 divide 511036?
False
Does 42 divide 3162121?
False
Does 23 divide 3106288?
True
Does 23 divide 5727197?
False
Is 1192770 a multiple of 435?
True
Is 19 a factor of 118076?
False
Is 20 a factor of 1190614?
False
Is 13 a factor of 238164?
False
Is 1993920 a multiple of 1340?
True
Is 6798064 a multiple of 58?
True
Is 63848 a multiple of 46?
True
Does 4 divide 106614?
False
Does 3 divide 1353563?
False
Does 54 divide 115119?
False
Is 73491 a multiple of 38?
False
Is 100619 a multiple of 3?
False
Is 16 a factor of 3176914?
False
Does 1912 divide 380488?
True
Is 11 a factor of 204065?
False
Does 22 divide 47366?
True
Is 474 a factor of 1453284?
True
Is 22874 even?
True
Is 108120 a multiple of 60?
True
Is 55 a factor of 6968867?
False
Does 161 divide 3048306?
False
Does 15 divide 647894?
False
Is 2758888 a multiple of 88?
True
Is 360795 a multiple of 201?
True
Is 24 a factor of 44627?
False
Is 206250 a multiple of 110?
True
Is 60697 a multiple of 11?
False
Is 79632 a multiple of 24?
True
Is 102955 a multiple of 8?
False
Is 32 a factor of 18250496?
True
Does 840 divide 10251360?
True
Is 9216 a multiple of 14?
False
Does 20 divide 3533309?
False
Does 18 divide 222759?
False
Is 25 a factor of 297637?
False
Does 3 divide 1445334?
True
Is 513100 a multiple of 38?
False
Is 8 a factor of 374579?
False
Does 181 divide 158918?
True
Does 120 divide 611344?
False
Does 48 divide 20783?
False
Is 32 a factor of 51232?
True
Is 146688 a multiple of 24?
True
Is 7 a factor of 570549?
True
Is 306711 a multiple of 221?
False
Is 735 a factor of 9790200?
True
Is 21 a factor of 1181607?
True
Does 126 divide 985136?
False
Does 160 divide 49600?
True
Does 239 divide 595657?
False
Is 124 a factor of 99544?
False
Is 86 a factor of 124184?
True
Does 32 divide 98575?
False
Is 102514 a multiple of 238?
False
Does 46 divide 6835?
False
Is 825 a factor of 251951?
False
Is 15 a factor of 2585095?
False
Is 29601 a multiple of 13?
True
Is 61 a factor of 13669?
False
Is 36288 a multiple of 11?
False
Is 72 a factor of 38880?
True
Is 326 a factor of 178322?
True
Is 123 a factor of 1722861?
True
Is 1213718 a multiple of 22?
True
Is 6596318 a multiple of 1097?
False
Is 73 a factor of 2276943?
True
Is 10 a factor of 131550?
True
Is 106680 a multiple of 105?
True
Does 18 divide 502794?
True
Is 409 a factor of 1786533?
False
Is 68996 a multiple of 47?
True
Is 57 a factor of 21738441?
False
Is 9 a factor of 17647056?
True
Is 1352256 a multiple of 48?
True
Does 5 divide 85658?
False
Is 1225650 a multiple of 15?
True
Is 90915 a multiple of 95?
True
Is 18 a factor of 28505682?
True
Is 125354 a multiple of 466?
True
Does 35 divide 646870?
True
Does 59 divide 919668?
False
Is 91800 a multiple of 36?
True
Is 129348 a multiple of 9?
True
Is 701856 a multiple of 12?
True
Is 6 a factor of 179832?
True
Is 7 a factor of 584356?
False
Does 26 divide 9756838?
True
Is 307294 a multiple of 106?
True
Is 6 a factor of 85252?
False
Does 23 divide 1384?
False
Is 812 a factor of 2977604?
True
Is 363 a factor of 411602?
False
Is 2546460 a multiple of 28?
True
Is 997004 a multiple of 95?
False
Is 16659091 a multiple of 10?
False
Does 8 divide 5754792?
True
Is 18 a factor of 801378?
True
Is 164 a factor of 173020?
True
Is 6697354 a multiple of 701?
True
Does 16 divide 103057?
False
Is 1120272 a multiple of 48?
True
Is 182455 a multiple of 11?
False
Is 4 a factor of 36203?
False
Is 92898 a multiple of 117?
True
Is 50 a factor of 1196183?
False
Does 518 divide 1702872?
False
Is 1258425 a multiple of 17?
True
Does 27 divide 533625?
False
Is 9165609 a multiple of 9?
True
Is 589 a factor of 458242?
True
Does 34 divide 3844516?
True
Does 12 divide 1460280?
True
Is 318564 a multiple of 21?
False
Does 8 divide 555808?
True
Does 377 divide 4769050?
True
Does 13 divide 6348304?
False
Is 19 a factor of 158764?
True
Is 7 a factor of 64134?
True
Does 15 divide 2788070?
False
Is 1924320 a multiple of 190?
True
Is 7551288 a multiple of 152?
False
Is 1470916 a multiple of 41?
True
Does 10 divide 18870580?
True
Is 1530969 a multiple of 25?
False
Does 7 divide 795977?
True
Is 5121971 a multiple of 14?
False
Is 45 a factor of 298640?
False
Is 66 a factor of 87553?
False
Is 21 a factor of 33915?
True
Does 8 divide 346904?
True
Is 92 a factor of 175317?
False
Is 48180 a multiple of 10?
True
Is 9773778 a multiple of 42?
True
Is 1051 a factor of 1863423?
True
Is 224235 a multiple of 453?
True
Is 6 a factor of 190932?
True
Does 88 divide 1318768?
True
Is 57 a factor of 106647?
True
Is 150 a factor of 4321500?
True
Is 162 a factor of 76689?
False
Does 24 divide 1365485?
False
Does 18 divide 32328?
True
Is 476150 a multiple of 50?
True
Is 1102991 a multiple of 35?
False
Is 146622 a multiple of 7?
True
Is 207590 a multiple of 5?
True
Is 193698 a multiple of 291?
False
Is 111160 a multiple of 40?
True
Does 288 divide 173952?
True
Is 43725 a multiple of 25?
True
Is 7408152 a multiple of 21?
False
Does 8 divide 32307?
False
Is 98 a factor of 384160?
True
Is 215 a factor of 98467?
False
Does 23 divide 17342?
True
Does 82 divide 424539?
False
Does 8 divide 38835?
False
Does 21 divide 9480261?
True
Does 3 divide 93810?
True
Is 62 a factor of 7053?
False
Does 13 divide 639360?
False
Is 107 a factor of 985791?
True
Is 76 a factor of 56924?
True
Is 582 a factor of 5348580?
True
Is 628100 a multiple of 20?
True
Is 18223 a multiple of 2?
False
Does 267 divide 219474?
True
Is 240856 a multiple of 513?
False
Does 76 divide 24